{"id":649,"date":"2019-05-09T20:10:13","date_gmt":"2019-05-09T20:10:13","guid":{"rendered":"https:\/\/construction.grsavoiearchitectes.ca\/?page_id=649"},"modified":"2019-05-13T16:21:51","modified_gmt":"2019-05-13T16:21:51","slug":"caserne-de-pompier","status":"publish","type":"page","link":"https:\/\/grsavoiearchitectes.ca\/www.grsavoiearchitectes.ca\/Accueil.html\/?page_id=649","title":{"rendered":"CASERNE DE POMPIER"},"content":{"rendered":"\t\t<div data-elementor-type=\"wp-post\" data-elementor-id=\"649\" class=\"elementor elementor-649\">\n\t\t\t\t\t\t<section class=\"elementor-section elementor-top-section elementor-element elementor-element-e00eeee elementor-section-boxed elementor-section-height-default elementor-section-height-default\" data-id=\"e00eeee\" data-element_type=\"section\">\n\t\t\t\t\t\t<div class=\"elementor-container elementor-column-gap-default\">\n\t\t\t\t\t<div class=\"elementor-column elementor-col-100 elementor-top-column elementor-element elementor-element-8bc8abb\" data-id=\"8bc8abb\" data-element_type=\"column\">\n\t\t\t<div class=\"elementor-widget-wrap elementor-element-populated\">\n\t\t\t\t\t\t<div class=\"elementor-element elementor-element-07887cd elementor-widget elementor-widget-spacer\" data-id=\"07887cd\" data-element_type=\"widget\" data-widget_type=\"spacer.default\">\n\t\t\t\t<div class=\"elementor-widget-container\">\n\t\t\t\t\t\t\t<div class=\"elementor-spacer\">\n\t\t\t<div class=\"elementor-spacer-inner\"><\/div>\n\t\t<\/div>\n\t\t\t\t\t\t<\/div>\n\t\t\t\t<\/div>\n\t\t\t\t\t<\/div>\n\t\t<\/div>\n\t\t\t\t\t<\/div>\n\t\t<\/section>\n\t\t\t\t<section class=\"elementor-section elementor-top-section elementor-element elementor-element-ef5fa44 elementor-section-boxed elementor-section-height-default elementor-section-height-default\" data-id=\"ef5fa44\" data-element_type=\"section\">\n\t\t\t\t\t\t<div class=\"elementor-container elementor-column-gap-default\">\n\t\t\t\t\t<div class=\"elementor-column elementor-col-100 elementor-top-column elementor-element elementor-element-00b7e59\" data-id=\"00b7e59\" data-element_type=\"column\">\n\t\t\t<div class=\"elementor-widget-wrap elementor-element-populated\">\n\t\t\t\t\t\t<div class=\"elementor-element elementor-element-f360de3 elementor-widget elementor-widget-heading\" data-id=\"f360de3\" data-element_type=\"widget\" data-widget_type=\"heading.default\">\n\t\t\t\t<div class=\"elementor-widget-container\">\n\t\t\t\t\t<h2 class=\"elementor-heading-title elementor-size-default\">CASERNE DE POMPIER<\/h2>\t\t\t\t<\/div>\n\t\t\t\t<\/div>\n\t\t\t\t\t<\/div>\n\t\t<\/div>\n\t\t\t\t\t<\/div>\n\t\t<\/section>\n\t\t\t\t<section class=\"elementor-section elementor-top-section elementor-element elementor-element-6999192 elementor-section-boxed elementor-section-height-default elementor-section-height-default\" data-id=\"6999192\" data-element_type=\"section\">\n\t\t\t\t\t\t<div class=\"elementor-container elementor-column-gap-default\">\n\t\t\t\t\t<div class=\"elementor-column elementor-col-100 elementor-top-column elementor-element elementor-element-899b625\" data-id=\"899b625\" data-element_type=\"column\">\n\t\t\t<div class=\"elementor-widget-wrap elementor-element-populated\">\n\t\t\t\t\t\t<div class=\"elementor-element elementor-element-120217e elementor-widget__width-inherit elementor-widget elementor-widget-image\" data-id=\"120217e\" data-element_type=\"widget\" data-widget_type=\"image.default\">\n\t\t\t\t<div class=\"elementor-widget-container\">\n\t\t\t\t\t\t\t\t\t\t\t\t\t\t\t<img fetchpriority=\"high\" decoding=\"async\" width=\"5100\" height=\"3300\" src=\"https:\/\/grsavoiearchitectes.ca\/wp-content\/uploads\/2019\/05\/\u00e9l\u00e9vation-nord-blanc.jpg\" class=\"attachment-full size-full wp-image-653\" alt=\"\" srcset=\"https:\/\/grsavoiearchitectes.ca\/wp-content\/uploads\/2019\/05\/\u00e9l\u00e9vation-nord-blanc.jpg 5100w, https:\/\/grsavoiearchitectes.ca\/wp-content\/uploads\/2019\/05\/\u00e9l\u00e9vation-nord-blanc-300x194.jpg 300w, https:\/\/grsavoiearchitectes.ca\/wp-content\/uploads\/2019\/05\/\u00e9l\u00e9vation-nord-blanc-768x497.jpg 768w, https:\/\/grsavoiearchitectes.ca\/wp-content\/uploads\/2019\/05\/\u00e9l\u00e9vation-nord-blanc-1024x663.jpg 1024w\" sizes=\"(max-width: 5100px) 100vw, 5100px\" \/>\t\t\t\t\t\t\t\t\t\t\t\t\t\t\t<\/div>\n\t\t\t\t<\/div>\n\t\t\t\t\t<\/div>\n\t\t<\/div>\n\t\t\t\t\t<\/div>\n\t\t<\/section>\n\t\t\t\t<section class=\"elementor-section elementor-top-section elementor-element elementor-element-0551ef9 elementor-section-boxed elementor-section-height-default elementor-section-height-default\" data-id=\"0551ef9\" data-element_type=\"section\">\n\t\t\t\t\t\t<div class=\"elementor-container elementor-column-gap-default\">\n\t\t\t\t\t<div class=\"elementor-column elementor-col-33 elementor-top-column elementor-element elementor-element-c2ef13f\" data-id=\"c2ef13f\" data-element_type=\"column\">\n\t\t\t<div class=\"elementor-widget-wrap elementor-element-populated\">\n\t\t\t\t\t\t<div class=\"elementor-element elementor-element-f03767f elementor-widget elementor-widget-text-editor\" data-id=\"f03767f\" data-element_type=\"widget\" data-widget_type=\"text-editor.default\">\n\t\t\t\t<div class=\"elementor-widget-container\">\n\t\t\t\t\t\t\t\t\t<p>Type de projet:<\/p><p><span style=\"font-size: 15px;\">Cat\u00e9gorie:<\/span><\/p><p>Emplacement:<\/p><p>Client:<\/p><p><span style=\"font-size: 15px; font-style: normal; font-weight: 400;\">Avancement:<\/span><\/p><p><span style=\"font-size: 15px;\">Description:<\/span><\/p>\t\t\t\t\t\t\t\t<\/div>\n\t\t\t\t<\/div>\n\t\t\t\t\t<\/div>\n\t\t<\/div>\n\t\t\t\t<div class=\"elementor-column elementor-col-66 elementor-top-column elementor-element elementor-element-0f7c39e\" data-id=\"0f7c39e\" data-element_type=\"column\">\n\t\t\t<div class=\"elementor-widget-wrap elementor-element-populated\">\n\t\t\t\t\t\t<div class=\"elementor-element elementor-element-4a6a737 elementor-widget elementor-widget-text-editor\" data-id=\"4a6a737\" data-element_type=\"widget\" data-widget_type=\"text-editor.default\">\n\t\t\t\t<div class=\"elementor-widget-container\">\n\t\t\t\t\t\t\t\t\t<p>Construction<\/p><p>Institutionnel<\/p><p>Mont-Saint-Hilaire<\/p><p>Ville de Mont-Saint-Hilaire<\/p><p>Non-r\u00e9alis\u00e9<\/p><p>Projet non-r\u00e9alis\u00e9.<\/p>\t\t\t\t\t\t\t\t<\/div>\n\t\t\t\t<\/div>\n\t\t\t\t\t<\/div>\n\t\t<\/div>\n\t\t\t\t\t<\/div>\n\t\t<\/section>\n\t\t\t\t<section class=\"elementor-section elementor-top-section elementor-element elementor-element-a10d9e5 elementor-section-boxed elementor-section-height-default elementor-section-height-default\" data-id=\"a10d9e5\" data-element_type=\"section\">\n\t\t\t\t\t\t<div class=\"elementor-container elementor-column-gap-default\">\n\t\t\t\t\t<div class=\"elementor-column elementor-col-100 elementor-top-column elementor-element elementor-element-5ac9a34\" data-id=\"5ac9a34\" data-element_type=\"column\">\n\t\t\t<div class=\"elementor-widget-wrap elementor-element-populated\">\n\t\t\t\t\t\t<div class=\"elementor-element elementor-element-d82ae44 elementor-widget elementor-widget-image-gallery\" data-id=\"d82ae44\" data-element_type=\"widget\" data-widget_type=\"image-gallery.default\">\n\t\t\t\t<div class=\"elementor-widget-container\">\n\t\t\t\t\t\t\t<div class=\"elementor-image-gallery\">\n\t\t\t<div id='gallery-1' class='gallery galleryid-649 gallery-columns-1 gallery-size-large'><figure class='gallery-item'>\n\t\t\t<div class='gallery-icon landscape'>\n\t\t\t\t<a data-elementor-open-lightbox=\"yes\" data-elementor-lightbox-slideshow=\"d82ae44\" data-elementor-lightbox-title=\"caserne86A-1-1 implantation\" data-e-action-hash=\"#elementor-action%3Aaction%3Dlightbox%26settings%3DeyJpZCI6NjUyLCJ1cmwiOiJodHRwczpcL1wvZ3JzYXZvaWVhcmNoaXRlY3Rlcy5jYVwvd3AtY29udGVudFwvdXBsb2Fkc1wvMjAxOVwvMDVcL2Nhc2VybmU4NkEtMS0xLWltcGxhbnRhdGlvbi5qcGciLCJzbGlkZXNob3ciOiJkODJhZTQ0In0%3D\" href='https:\/\/grsavoiearchitectes.ca\/wp-content\/uploads\/2019\/05\/caserne86A-1-1-implantation.jpg'><img decoding=\"async\" width=\"1024\" height=\"663\" src=\"https:\/\/grsavoiearchitectes.ca\/wp-content\/uploads\/2019\/05\/caserne86A-1-1-implantation-1024x663.jpg\" class=\"attachment-large size-large\" alt=\"\" srcset=\"https:\/\/grsavoiearchitectes.ca\/wp-content\/uploads\/2019\/05\/caserne86A-1-1-implantation-1024x663.jpg 1024w, https:\/\/grsavoiearchitectes.ca\/wp-content\/uploads\/2019\/05\/caserne86A-1-1-implantation-300x194.jpg 300w, https:\/\/grsavoiearchitectes.ca\/wp-content\/uploads\/2019\/05\/caserne86A-1-1-implantation-768x497.jpg 768w\" sizes=\"(max-width: 1024px) 100vw, 1024px\" \/><\/a>\n\t\t\t<\/div><\/figure><figure class='gallery-item'>\n\t\t\t<div class='gallery-icon landscape'>\n\t\t\t\t<a data-elementor-open-lightbox=\"yes\" data-elementor-lightbox-slideshow=\"d82ae44\" data-elementor-lightbox-title=\"\u00e9l\u00e9vation nord blanc\" data-e-action-hash=\"#elementor-action%3Aaction%3Dlightbox%26settings%3DeyJpZCI6NjUzLCJ1cmwiOiJodHRwczpcL1wvZ3JzYXZvaWVhcmNoaXRlY3Rlcy5jYVwvd3AtY29udGVudFwvdXBsb2Fkc1wvMjAxOVwvMDVcL1x1MDBlOWxcdTAwZTl2YXRpb24tbm9yZC1ibGFuYy5qcGciLCJzbGlkZXNob3ciOiJkODJhZTQ0In0%3D\" href='https:\/\/grsavoiearchitectes.ca\/wp-content\/uploads\/2019\/05\/\u00e9l\u00e9vation-nord-blanc.jpg'><img decoding=\"async\" width=\"1024\" height=\"663\" src=\"https:\/\/grsavoiearchitectes.ca\/wp-content\/uploads\/2019\/05\/\u00e9l\u00e9vation-nord-blanc-1024x663.jpg\" class=\"attachment-large size-large\" alt=\"\" srcset=\"https:\/\/grsavoiearchitectes.ca\/wp-content\/uploads\/2019\/05\/\u00e9l\u00e9vation-nord-blanc-1024x663.jpg 1024w, https:\/\/grsavoiearchitectes.ca\/wp-content\/uploads\/2019\/05\/\u00e9l\u00e9vation-nord-blanc-300x194.jpg 300w, https:\/\/grsavoiearchitectes.ca\/wp-content\/uploads\/2019\/05\/\u00e9l\u00e9vation-nord-blanc-768x497.jpg 768w\" sizes=\"(max-width: 1024px) 100vw, 1024px\" \/><\/a>\n\t\t\t<\/div><\/figure>\n\t\t<\/div>\n\t\t<\/div>\n\t\t\t\t\t\t<\/div>\n\t\t\t\t<\/div>\n\t\t\t\t\t<\/div>\n\t\t<\/div>\n\t\t\t\t\t<\/div>\n\t\t<\/section>\n\t\t\t\t<section class=\"elementor-section elementor-top-section elementor-element elementor-element-199ab7a elementor-section-boxed elementor-section-height-default elementor-section-height-default\" data-id=\"199ab7a\" data-element_type=\"section\">\n\t\t\t\t\t\t<div class=\"elementor-container elementor-column-gap-default\">\n\t\t\t\t\t<div class=\"elementor-column elementor-col-50 elementor-top-column elementor-element elementor-element-286fe4c\" data-id=\"286fe4c\" data-element_type=\"column\">\n\t\t\t<div class=\"elementor-widget-wrap\">\n\t\t\t\t\t\t\t<\/div>\n\t\t<\/div>\n\t\t\t\t<div class=\"elementor-column elementor-col-50 elementor-top-column elementor-element elementor-element-e5bfa3a\" data-id=\"e5bfa3a\" data-element_type=\"column\">\n\t\t\t<div class=\"elementor-widget-wrap\">\n\t\t\t\t\t\t\t<\/div>\n\t\t<\/div>\n\t\t\t\t\t<\/div>\n\t\t<\/section>\n\t\t\t\t<\/div>\n\t\t","protected":false},"excerpt":{"rendered":"<p>CASERNE DE POMPIER Type de projet: Cat\u00e9gorie: Emplacement: Client: Avancement: Description: Construction Institutionnel Mont-Saint-Hilaire Ville de Mont-Saint-Hilaire Non-r\u00e9alis\u00e9 Projet non-r\u00e9alis\u00e9. PROJET PR\u00c9C\u00c9DENT PROJET SUIVANT<\/p>\n","protected":false},"author":1,"featured_media":0,"parent":100,"menu_order":0,"comment_status":"closed","ping_status":"closed","template":"","meta":{"site-sidebar-layout":"no-sidebar","site-content-layout":"page-builder","ast-site-content-layout":"default","site-content-style":"default","site-sidebar-style":"default","ast-global-header-display":"","ast-banner-title-visibility":"","ast-main-header-display":"","ast-hfb-above-header-display":"","ast-hfb-below-header-display":"","ast-hfb-mobile-header-display":"","site-post-title":"disabled","ast-breadcrumbs-content":"","ast-featured-img":"disabled","footer-sml-layout":"","theme-transparent-header-meta":"default","adv-header-id-meta":"","stick-header-meta":"","header-above-stick-meta":"","header-main-stick-meta":"","header-below-stick-meta":"","astra-migrate-meta-layouts":"default","ast-page-background-enabled":"default","ast-page-background-meta":{"desktop":{"background-color":"var(--ast-global-color-4)","background-image":"","background-repeat":"repeat","background-position":"center center","background-size":"auto","background-attachment":"scroll","background-type":"","background-media":"","overlay-type":"","overlay-color":"","overlay-opacity":"","overlay-gradient":""},"tablet":{"background-color":"","background-image":"","background-repeat":"repeat","background-position":"center center","background-size":"auto","background-attachment":"scroll","background-type":"","background-media":"","overlay-type":"","overlay-color":"","overlay-opacity":"","overlay-gradient":""},"mobile":{"background-color":"","background-image":"","background-repeat":"repeat","background-position":"center center","background-size":"auto","background-attachment":"scroll","background-type":"","background-media":"","overlay-type":"","overlay-color":"","overlay-opacity":"","overlay-gradient":""}},"ast-content-background-meta":{"desktop":{"background-color":"var(--ast-global-color-5)","background-image":"","background-repeat":"repeat","background-position":"center center","background-size":"auto","background-attachment":"scroll","background-type":"","background-media":"","overlay-type":"","overlay-color":"","overlay-opacity":"","overlay-gradient":""},"tablet":{"background-color":"var(--ast-global-color-5)","background-image":"","background-repeat":"repeat","background-position":"center center","background-size":"auto","background-attachment":"scroll","background-type":"","background-media":"","overlay-type":"","overlay-color":"","overlay-opacity":"","overlay-gradient":""},"mobile":{"background-color":"var(--ast-global-color-5)","background-image":"","background-repeat":"repeat","background-position":"center center","background-size":"auto","background-attachment":"scroll","background-type":"","background-media":"","overlay-type":"","overlay-color":"","overlay-opacity":"","overlay-gradient":""}},"footnotes":""},"class_list":["post-649","page","type-page","status-publish","hentry"],"_links":{"self":[{"href":"https:\/\/grsavoiearchitectes.ca\/www.grsavoiearchitectes.ca\/Accueil.html\/index.php?rest_route=\/wp\/v2\/pages\/649","targetHints":{"allow":["GET"]}}],"collection":[{"href":"https:\/\/grsavoiearchitectes.ca\/www.grsavoiearchitectes.ca\/Accueil.html\/index.php?rest_route=\/wp\/v2\/pages"}],"about":[{"href":"https:\/\/grsavoiearchitectes.ca\/www.grsavoiearchitectes.ca\/Accueil.html\/index.php?rest_route=\/wp\/v2\/types\/page"}],"author":[{"embeddable":true,"href":"https:\/\/grsavoiearchitectes.ca\/www.grsavoiearchitectes.ca\/Accueil.html\/index.php?rest_route=\/wp\/v2\/users\/1"}],"replies":[{"embeddable":true,"href":"https:\/\/grsavoiearchitectes.ca\/www.grsavoiearchitectes.ca\/Accueil.html\/index.php?rest_route=%2Fwp%2Fv2%2Fcomments&post=649"}],"version-history":[{"count":4,"href":"https:\/\/grsavoiearchitectes.ca\/www.grsavoiearchitectes.ca\/Accueil.html\/index.php?rest_route=\/wp\/v2\/pages\/649\/revisions"}],"predecessor-version":[{"id":797,"href":"https:\/\/grsavoiearchitectes.ca\/www.grsavoiearchitectes.ca\/Accueil.html\/index.php?rest_route=\/wp\/v2\/pages\/649\/revisions\/797"}],"up":[{"embeddable":true,"href":"https:\/\/grsavoiearchitectes.ca\/www.grsavoiearchitectes.ca\/Accueil.html\/index.php?rest_route=\/wp\/v2\/pages\/100"}],"wp:attachment":[{"href":"https:\/\/grsavoiearchitectes.ca\/www.grsavoiearchitectes.ca\/Accueil.html\/index.php?rest_route=%2Fwp%2Fv2%2Fmedia&parent=649"}],"curies":[{"name":"wp","href":"https:\/\/api.w.org\/{rel}","templated":true}]}}